{"id":285,"date":"2021-01-12T05:14:27","date_gmt":"2021-01-12T04:14:27","guid":{"rendered":"https:\/\/pfandfinder-stalbert.de\/?page_id=285"},"modified":"2025-11-08T13:50:11","modified_gmt":"2025-11-08T12:50:11","slug":"pfadfinder","status":"publish","type":"page","link":"https:\/\/pfandfinder-stalbert.de\/index.php\/pfadfinder\/","title":{"rendered":"Pfadfinder"},"content":{"rendered":"\t\t<div data-elementor-type=\"wp-page\" data-elementor-id=\"285\" class=\"elementor elementor-285\">\n\t\t\t\t\t\t<section class=\"elementor-section elementor-top-section elementor-element elementor-element-1322353 elementor-section-boxed elementor-section-height-default elementor-section-height-default\" data-id=\"1322353\" data-element_type=\"section\" data-e-type=\"section\">\n\t\t\t\t\t\t<div class=\"elementor-container elementor-column-gap-default\">\n\t\t\t\t\t<div class=\"elementor-column elementor-col-100 elementor-top-column elementor-element elementor-element-d378b4f\" data-id=\"d378b4f\" data-element_type=\"column\" data-e-type=\"column\">\n\t\t\t<div class=\"elementor-widget-wrap elementor-element-populated\">\n\t\t\t\t\t\t<section class=\"elementor-section elementor-inner-section elementor-element elementor-element-1fa5cd7 elementor-section-boxed elementor-section-height-default elementor-section-height-default\" data-id=\"1fa5cd7\" data-element_type=\"section\" data-e-type=\"section\">\n\t\t\t\t\t\t<div class=\"elementor-container elementor-column-gap-default\">\n\t\t\t\t\t<div class=\"elementor-column elementor-col-50 elementor-inner-column elementor-element elementor-element-f218788\" data-id=\"f218788\" data-element_type=\"column\" data-e-type=\"column\">\n\t\t\t<div class=\"elementor-widget-wrap elementor-element-populated\">\n\t\t\t\t\t\t<div class=\"elementor-element elementor-element-08e58ff elementor-widget elementor-widget-text-editor\" data-id=\"08e58ff\" data-element_type=\"widget\" data-e-type=\"widget\" data-widget_type=\"text-editor.default\">\n\t\t\t\t<div class=\"elementor-widget-container\">\n\t\t\t\t\t\t\t\t\t<p>\u201cWage es, deinen Lebensstil zu finden, bek\u00e4mpfe nicht deine Tr\u00e4ume!\u201d hei\u00dft es in der Aufforderung an Jugendliche im Pfadfinderalter. Bei uns in der Gruppe geben wir uns gegenseitig R\u00fcckhalt und fordern uns heraus, unsere Tr\u00e4ume und Ideen umzusetzen. Wir lernen, dass jede neues Herausforderung \u00fcberwindbar ist, vorallem, wenn wir in der Gruppe zusammenhalten. Dabei wagen wir auch verr\u00fcckte Ideen auszuprobieren und lassen jedem die Chance, sich auszuprobieren, gerade dann wenn er oder sie sich nicht sicher ist, ob er die Aufgabe schafft. Wir lernen, unsere Projekte selber zu planen und durchzuf\u00fchren, unsere Leiter unterst\u00fctzen uns dabei. Das ist nat\u00fcrlich nicht ganz einfach, aber daf\u00fcr k\u00f6nnen wir \u00fcber vieles selber entscheiden und die Verantwortung unserer Entscheidungen selber tragen. Wir haben zum Beispiel schon einen Roboter programmieren gelernt, ein B\u00fccherregal selber gebaut und wir kochen zwischendurch immer mal wieder gemeinsam.<\/p>\n<p>Wir treffen uns immer <strong>Donnerstags <\/strong>(au\u00dfer in den Ferien) im Gruppenraum in der Sundgauallee 9 (zwischen Kirche und Stadtteiltreff) von&nbsp;<strong>18:30 Uhr bis 20:00 Uhr<\/strong>. Ihr d\u00fcrft einfach mal vorbei kommen und schauen, wie es bei uns ist!<\/p>\n<p>Wenn du \/ Sie Fragen haben, stehen wir gerne zur Verf\u00fcgung: <a href=\"mailto:pfadfinder@pfadfinder-stalbert.de\">pfadfinder[at]pfadfinder-stalbert.de<\/a><\/p>\n<p>Wir freuen uns dich kennen zu lernen!<br>Tom &amp; Caleb<br>im Namen der gesamten Pfadi-Gruppe<\/p>\t\t\t\t\t\t\t\t<\/div>\n\t\t\t\t<\/div>\n\t\t\t\t\t<\/div>\n\t\t<\/div>\n\t\t\t\t<div class=\"elementor-column elementor-col-50 elementor-inner-column elementor-element elementor-element-5adc8ea\" data-id=\"5adc8ea\" data-element_type=\"column\" data-e-type=\"column\">\n\t\t\t<div class=\"elementor-widget-wrap elementor-element-populated\">\n\t\t\t\t\t\t<div class=\"elementor-element elementor-element-3cb41e1 elementor-widget elementor-widget-image\" data-id=\"3cb41e1\" data-element_type=\"widget\" data-e-type=\"widget\" data-widget_type=\"image.default\">\n\t\t\t\t<div class=\"elementor-widget-container\">\n\t\t\t\t\t\t\t\t\t\t\t\t\t\t\t<img fetchpriority=\"high\" decoding=\"async\" width=\"921\" height=\"1024\" src=\"https:\/\/pfandfinder-stalbert.de\/wp-content\/uploads\/2025\/09\/pfadfinderstufe-921x1024.png\" class=\"attachment-large size-large wp-image-3063\" alt=\"\" srcset=\"https:\/\/pfandfinder-stalbert.de\/wp-content\/uploads\/2025\/09\/pfadfinderstufe-921x1024.png 921w, https:\/\/pfandfinder-stalbert.de\/wp-content\/uploads\/2025\/09\/pfadfinderstufe-270x300.png 270w, https:\/\/pfandfinder-stalbert.de\/wp-content\/uploads\/2025\/09\/pfadfinderstufe-768x854.png 768w, https:\/\/pfandfinder-stalbert.de\/wp-content\/uploads\/2025\/09\/pfadfinderstufe.png 1156w\" sizes=\"(max-width: 921px) 100vw, 921px\" \/>\t\t\t\t\t\t\t\t\t\t\t\t\t\t\t<\/div>\n\t\t\t\t<\/div>\n\t\t\t\t\t<\/div>\n\t\t<\/div>\n\t\t\t\t\t<\/div>\n\t\t<\/section>\n\t\t\t\t\t<\/div>\n\t\t<\/div>\n\t\t\t\t\t<\/div>\n\t\t<\/section>\n\t\t\t\t<\/div>\n\t\t","protected":false},"excerpt":{"rendered":"<p class=\"excerpt\">\u201cWage es, deinen Lebensstil zu finden, bek\u00e4mpfe nicht deine Tr\u00e4ume!\u201d hei\u00dft es in der Aufforderung an Jugendliche im Pfadfinderalter. Bei uns in der Gruppe geben wir uns gegenseitig R\u00fcckhalt und fordern uns heraus, unsere Tr\u00e4ume und Ideen umzusetzen. Wir lernen, dass jede neues Herausforderung \u00fcberwindbar ist, vorallem, wenn wir in der Gruppe zusammenhalten. Dabei wagen [&hellip;]<\/p>\n","protected":false},"author":1,"featured_media":0,"parent":0,"menu_order":0,"comment_status":"closed","ping_status":"closed","template":"","meta":{"footnotes":""},"class_list":["post-285","page","type-page","status-publish","hentry"],"yoast_head":"<!-- This site is optimized with the Yoast SEO plugin v27.1.1 - https:\/\/yoast.com\/product\/yoast-seo-wordpress\/ -->\n<title>Pfadfinder - DPSG Stamm St. Albert<\/title>\n<meta name=\"robots\" content=\"index, follow, max-snippet:-1, max-image-preview:large, max-video-preview:-1\" \/>\n<link rel=\"canonical\" href=\"https:\/\/pfandfinder-stalbert.de\/index.php\/pfadfinder\/\" \/>\n<meta property=\"og:locale\" content=\"de_DE\" \/>\n<meta property=\"og:type\" content=\"article\" \/>\n<meta property=\"og:title\" content=\"Pfadfinder - DPSG Stamm St. Albert\" \/>\n<meta property=\"og:description\" content=\"\u201cWage es, deinen Lebensstil zu finden, bek\u00e4mpfe nicht deine Tr\u00e4ume!\u201d hei\u00dft es in der Aufforderung an Jugendliche im Pfadfinderalter. Bei uns in der Gruppe geben wir uns gegenseitig R\u00fcckhalt und fordern uns heraus, unsere Tr\u00e4ume und Ideen umzusetzen. Wir lernen, dass jede neues Herausforderung \u00fcberwindbar ist, vorallem, wenn wir in der Gruppe zusammenhalten. Dabei wagen [&hellip;]\" \/>\n<meta property=\"og:url\" content=\"https:\/\/pfandfinder-stalbert.de\/index.php\/pfadfinder\/\" \/>\n<meta property=\"og:site_name\" content=\"DPSG Stamm St. Albert\" \/>\n<meta property=\"article:publisher\" content=\"http:\/\/facebook.com\/pfadfinderstalbert\" \/>\n<meta property=\"article:modified_time\" content=\"2025-11-08T12:50:11+00:00\" \/>\n<meta property=\"og:image\" content=\"https:\/\/pfandfinder-stalbert.de\/wp-content\/uploads\/2025\/09\/pfadfinderstufe-921x1024.png\" \/>\n<meta name=\"twitter:card\" content=\"summary_large_image\" \/>\n<meta name=\"twitter:label1\" content=\"Gesch\u00e4tzte Lesezeit\" \/>\n\t<meta name=\"twitter:data1\" content=\"2\u00a0Minuten\" \/>\n<script type=\"application\/ld+json\" class=\"yoast-schema-graph\">{\"@context\":\"https:\/\/schema.org\",\"@graph\":[{\"@type\":\"WebPage\",\"@id\":\"https:\/\/pfandfinder-stalbert.de\/index.php\/pfadfinder\/\",\"url\":\"https:\/\/pfandfinder-stalbert.de\/index.php\/pfadfinder\/\",\"name\":\"Pfadfinder - DPSG Stamm St. Albert\",\"isPartOf\":{\"@id\":\"https:\/\/pfandfinder-stalbert.de\/#website\"},\"primaryImageOfPage\":{\"@id\":\"https:\/\/pfandfinder-stalbert.de\/index.php\/pfadfinder\/#primaryimage\"},\"image\":{\"@id\":\"https:\/\/pfandfinder-stalbert.de\/index.php\/pfadfinder\/#primaryimage\"},\"thumbnailUrl\":\"https:\/\/pfandfinder-stalbert.de\/wp-content\/uploads\/2025\/09\/pfadfinderstufe-921x1024.png\",\"datePublished\":\"2021-01-12T04:14:27+00:00\",\"dateModified\":\"2025-11-08T12:50:11+00:00\",\"breadcrumb\":{\"@id\":\"https:\/\/pfandfinder-stalbert.de\/index.php\/pfadfinder\/#breadcrumb\"},\"inLanguage\":\"de\",\"potentialAction\":[{\"@type\":\"ReadAction\",\"target\":[\"https:\/\/pfandfinder-stalbert.de\/index.php\/pfadfinder\/\"]}]},{\"@type\":\"ImageObject\",\"inLanguage\":\"de\",\"@id\":\"https:\/\/pfandfinder-stalbert.de\/index.php\/pfadfinder\/#primaryimage\",\"url\":\"https:\/\/pfandfinder-stalbert.de\/wp-content\/uploads\/2025\/09\/pfadfinderstufe.png\",\"contentUrl\":\"https:\/\/pfandfinder-stalbert.de\/wp-content\/uploads\/2025\/09\/pfadfinderstufe.png\",\"width\":1156,\"height\":1285},{\"@type\":\"BreadcrumbList\",\"@id\":\"https:\/\/pfandfinder-stalbert.de\/index.php\/pfadfinder\/#breadcrumb\",\"itemListElement\":[{\"@type\":\"ListItem\",\"position\":1,\"name\":\"Startseite\",\"item\":\"https:\/\/pfandfinder-stalbert.de\/\"},{\"@type\":\"ListItem\",\"position\":2,\"name\":\"Pfadfinder\"}]},{\"@type\":\"WebSite\",\"@id\":\"https:\/\/pfandfinder-stalbert.de\/#website\",\"url\":\"https:\/\/pfandfinder-stalbert.de\/\",\"name\":\"DPSG Stamm St. Albert\",\"description\":\"Pfadfinden am Seepark!\",\"publisher\":{\"@id\":\"https:\/\/pfandfinder-stalbert.de\/#organization\"},\"potentialAction\":[{\"@type\":\"SearchAction\",\"target\":{\"@type\":\"EntryPoint\",\"urlTemplate\":\"https:\/\/pfandfinder-stalbert.de\/?s={search_term_string}\"},\"query-input\":{\"@type\":\"PropertyValueSpecification\",\"valueRequired\":true,\"valueName\":\"search_term_string\"}}],\"inLanguage\":\"de\"},{\"@type\":\"Organization\",\"@id\":\"https:\/\/pfandfinder-stalbert.de\/#organization\",\"name\":\"DPSG Stamm St. Albert\",\"url\":\"https:\/\/pfandfinder-stalbert.de\/\",\"logo\":{\"@type\":\"ImageObject\",\"inLanguage\":\"de\",\"@id\":\"https:\/\/pfandfinder-stalbert.de\/#\/schema\/logo\/image\/\",\"url\":\"https:\/\/pfandfinder-stalbert.de\/wp-content\/uploads\/2021\/01\/lily_blue.png\",\"contentUrl\":\"https:\/\/pfandfinder-stalbert.de\/wp-content\/uploads\/2021\/01\/lily_blue.png\",\"width\":512,\"height\":512,\"caption\":\"DPSG Stamm St. Albert\"},\"image\":{\"@id\":\"https:\/\/pfandfinder-stalbert.de\/#\/schema\/logo\/image\/\"},\"sameAs\":[\"http:\/\/facebook.com\/pfadfinderstalbert\"]}]}<\/script>\n<!-- \/ Yoast SEO plugin. -->","yoast_head_json":{"title":"Pfadfinder - DPSG Stamm St. Albert","robots":{"index":"index","follow":"follow","max-snippet":"max-snippet:-1","max-image-preview":"max-image-preview:large","max-video-preview":"max-video-preview:-1"},"canonical":"https:\/\/pfandfinder-stalbert.de\/index.php\/pfadfinder\/","og_locale":"de_DE","og_type":"article","og_title":"Pfadfinder - DPSG Stamm St. Albert","og_description":"\u201cWage es, deinen Lebensstil zu finden, bek\u00e4mpfe nicht deine Tr\u00e4ume!\u201d hei\u00dft es in der Aufforderung an Jugendliche im Pfadfinderalter. Bei uns in der Gruppe geben wir uns gegenseitig R\u00fcckhalt und fordern uns heraus, unsere Tr\u00e4ume und Ideen umzusetzen. Wir lernen, dass jede neues Herausforderung \u00fcberwindbar ist, vorallem, wenn wir in der Gruppe zusammenhalten. Dabei wagen [&hellip;]","og_url":"https:\/\/pfandfinder-stalbert.de\/index.php\/pfadfinder\/","og_site_name":"DPSG Stamm St. Albert","article_publisher":"http:\/\/facebook.com\/pfadfinderstalbert","article_modified_time":"2025-11-08T12:50:11+00:00","og_image":[{"url":"https:\/\/pfandfinder-stalbert.de\/wp-content\/uploads\/2025\/09\/pfadfinderstufe-921x1024.png","type":"","width":"","height":""}],"twitter_card":"summary_large_image","twitter_misc":{"Gesch\u00e4tzte Lesezeit":"2\u00a0Minuten"},"schema":{"@context":"https:\/\/schema.org","@graph":[{"@type":"WebPage","@id":"https:\/\/pfandfinder-stalbert.de\/index.php\/pfadfinder\/","url":"https:\/\/pfandfinder-stalbert.de\/index.php\/pfadfinder\/","name":"Pfadfinder - DPSG Stamm St. Albert","isPartOf":{"@id":"https:\/\/pfandfinder-stalbert.de\/#website"},"primaryImageOfPage":{"@id":"https:\/\/pfandfinder-stalbert.de\/index.php\/pfadfinder\/#primaryimage"},"image":{"@id":"https:\/\/pfandfinder-stalbert.de\/index.php\/pfadfinder\/#primaryimage"},"thumbnailUrl":"https:\/\/pfandfinder-stalbert.de\/wp-content\/uploads\/2025\/09\/pfadfinderstufe-921x1024.png","datePublished":"2021-01-12T04:14:27+00:00","dateModified":"2025-11-08T12:50:11+00:00","breadcrumb":{"@id":"https:\/\/pfandfinder-stalbert.de\/index.php\/pfadfinder\/#breadcrumb"},"inLanguage":"de","potentialAction":[{"@type":"ReadAction","target":["https:\/\/pfandfinder-stalbert.de\/index.php\/pfadfinder\/"]}]},{"@type":"ImageObject","inLanguage":"de","@id":"https:\/\/pfandfinder-stalbert.de\/index.php\/pfadfinder\/#primaryimage","url":"https:\/\/pfandfinder-stalbert.de\/wp-content\/uploads\/2025\/09\/pfadfinderstufe.png","contentUrl":"https:\/\/pfandfinder-stalbert.de\/wp-content\/uploads\/2025\/09\/pfadfinderstufe.png","width":1156,"height":1285},{"@type":"BreadcrumbList","@id":"https:\/\/pfandfinder-stalbert.de\/index.php\/pfadfinder\/#breadcrumb","itemListElement":[{"@type":"ListItem","position":1,"name":"Startseite","item":"https:\/\/pfandfinder-stalbert.de\/"},{"@type":"ListItem","position":2,"name":"Pfadfinder"}]},{"@type":"WebSite","@id":"https:\/\/pfandfinder-stalbert.de\/#website","url":"https:\/\/pfandfinder-stalbert.de\/","name":"DPSG Stamm St. Albert","description":"Pfadfinden am Seepark!","publisher":{"@id":"https:\/\/pfandfinder-stalbert.de\/#organization"},"potentialAction":[{"@type":"SearchAction","target":{"@type":"EntryPoint","urlTemplate":"https:\/\/pfandfinder-stalbert.de\/?s={search_term_string}"},"query-input":{"@type":"PropertyValueSpecification","valueRequired":true,"valueName":"search_term_string"}}],"inLanguage":"de"},{"@type":"Organization","@id":"https:\/\/pfandfinder-stalbert.de\/#organization","name":"DPSG Stamm St. Albert","url":"https:\/\/pfandfinder-stalbert.de\/","logo":{"@type":"ImageObject","inLanguage":"de","@id":"https:\/\/pfandfinder-stalbert.de\/#\/schema\/logo\/image\/","url":"https:\/\/pfandfinder-stalbert.de\/wp-content\/uploads\/2021\/01\/lily_blue.png","contentUrl":"https:\/\/pfandfinder-stalbert.de\/wp-content\/uploads\/2021\/01\/lily_blue.png","width":512,"height":512,"caption":"DPSG Stamm St. Albert"},"image":{"@id":"https:\/\/pfandfinder-stalbert.de\/#\/schema\/logo\/image\/"},"sameAs":["http:\/\/facebook.com\/pfadfinderstalbert"]}]}},"_links":{"self":[{"href":"https:\/\/pfandfinder-stalbert.de\/index.php\/wp-json\/wp\/v2\/pages\/285","targetHints":{"allow":["GET"]}}],"collection":[{"href":"https:\/\/pfandfinder-stalbert.de\/index.php\/wp-json\/wp\/v2\/pages"}],"about":[{"href":"https:\/\/pfandfinder-stalbert.de\/index.php\/wp-json\/wp\/v2\/types\/page"}],"author":[{"embeddable":true,"href":"https:\/\/pfandfinder-stalbert.de\/index.php\/wp-json\/wp\/v2\/users\/1"}],"replies":[{"embeddable":true,"href":"https:\/\/pfandfinder-stalbert.de\/index.php\/wp-json\/wp\/v2\/comments?post=285"}],"version-history":[{"count":0,"href":"https:\/\/pfandfinder-stalbert.de\/index.php\/wp-json\/wp\/v2\/pages\/285\/revisions"}],"wp:attachment":[{"href":"https:\/\/pfandfinder-stalbert.de\/index.php\/wp-json\/wp\/v2\/media?parent=285"}],"curies":[{"name":"wp","href":"https:\/\/api.w.org\/{rel}","templated":true}]}}