{"id":288,"date":"2021-01-12T05:16:01","date_gmt":"2021-01-12T04:16:01","guid":{"rendered":"https:\/\/pfandfinder-stalbert.de\/?page_id=288"},"modified":"2025-11-08T13:47:54","modified_gmt":"2025-11-08T12:47:54","slug":"rover","status":"publish","type":"page","link":"https:\/\/pfandfinder-stalbert.de\/index.php\/rover\/","title":{"rendered":"Rover"},"content":{"rendered":"\t\t<div data-elementor-type=\"wp-page\" data-elementor-id=\"288\" class=\"elementor elementor-288\">\n\t\t\t\t\t\t<section class=\"elementor-section elementor-top-section elementor-element elementor-element-e993d22 elementor-section-boxed elementor-section-height-default elementor-section-height-default\" data-id=\"e993d22\" data-element_type=\"section\" data-e-type=\"section\">\n\t\t\t\t\t\t<div class=\"elementor-container elementor-column-gap-default\">\n\t\t\t\t\t<div class=\"elementor-column elementor-col-100 elementor-top-column elementor-element elementor-element-b26261f\" data-id=\"b26261f\" data-element_type=\"column\" data-e-type=\"column\">\n\t\t\t<div class=\"elementor-widget-wrap elementor-element-populated\">\n\t\t\t\t\t\t<section class=\"elementor-section elementor-inner-section elementor-element elementor-element-f12d366 elementor-section-boxed elementor-section-height-default elementor-section-height-default\" data-id=\"f12d366\" data-element_type=\"section\" data-e-type=\"section\">\n\t\t\t\t\t\t<div class=\"elementor-container elementor-column-gap-default\">\n\t\t\t\t\t<div class=\"elementor-column elementor-col-50 elementor-inner-column elementor-element elementor-element-c953854\" data-id=\"c953854\" data-element_type=\"column\" data-e-type=\"column\">\n\t\t\t<div class=\"elementor-widget-wrap elementor-element-populated\">\n\t\t\t\t\t\t<div class=\"elementor-element elementor-element-ab4160b elementor-widget elementor-widget-text-editor\" data-id=\"ab4160b\" data-element_type=\"widget\" data-e-type=\"widget\" data-widget_type=\"text-editor.default\">\n\t\t\t\t<div class=\"elementor-widget-container\">\n\t\t\t\t\t\t\t\t\t<p>Rover m\u00fcssen wichtige Entscheidungen f\u00fcr ihre Zukunft treffen. Die Gruppe bietet die Chance, sich in der Auseinandersetzung mit anderen \u00fcber die eigenen Ziele klar zu werden. Die Entwicklung der Pers\u00f6nlichkeit und das St\u00e4rken der Entscheidungsfreude stehen im Mittelpunkt. Ob im Engagement f\u00fcr die gute Sache oder auf Reisen \u2013 immer haben Roverinnen und Rover die Chance, sich in neuen Situationen auszuprobieren. F\u00fcr Rover ist alles denkbare machbar, dabei befinden sie sich auf den Spuren Baden-Powells: \u201cIch habe mich immer daran gehalten, dass (\u2026) es m\u00f6glich ist, das \u2018un\u2019 aus dem Wort \u2018unm\u00f6glich\u2019 hinauszuwerfen.\u201d<\/p>\n<p>Die Rover treffen sich aktuell eher unregelm\u00e4\u00dfig, wir freuen uns aber immer \u00fcber Zuwachs.&nbsp;Schreib uns bei Interesse am Besten eine kurze Email!<\/p>\n<p><a href=\"mailto:rover@pfadfinder-stalbert.de\">rover[at]pfadfinder-stalbert.de<\/a><\/p>\n<p>Ihr entscheidet, was in der Roverrunde geht. Ich begleite euch und unterst\u00fctzen euch bei euren Pl\u00e4nen \ud83d\ude42<\/p>\n<p>Gut Pfad!<br>Eure Roverrunde &amp; Merle&nbsp;<\/p>\t\t\t\t\t\t\t\t<\/div>\n\t\t\t\t<\/div>\n\t\t\t\t\t<\/div>\n\t\t<\/div>\n\t\t\t\t<div class=\"elementor-column elementor-col-50 elementor-inner-column elementor-element elementor-element-da1f59e\" data-id=\"da1f59e\" data-element_type=\"column\" data-e-type=\"column\">\n\t\t\t<div class=\"elementor-widget-wrap elementor-element-populated\">\n\t\t\t\t\t\t<div class=\"elementor-element elementor-element-b255f31 elementor-widget elementor-widget-image\" data-id=\"b255f31\" data-element_type=\"widget\" data-e-type=\"widget\" data-widget_type=\"image.default\">\n\t\t\t\t<div class=\"elementor-widget-container\">\n\t\t\t\t\t\t\t\t\t\t\t\t\t\t\t<img fetchpriority=\"high\" decoding=\"async\" width=\"1024\" height=\"215\" src=\"https:\/\/pfandfinder-stalbert.de\/wp-content\/uploads\/2025\/09\/rover-1024x215.png\" class=\"attachment-large size-large wp-image-3066\" alt=\"\" srcset=\"https:\/\/pfandfinder-stalbert.de\/wp-content\/uploads\/2025\/09\/rover-1024x215.png 1024w, https:\/\/pfandfinder-stalbert.de\/wp-content\/uploads\/2025\/09\/rover-300x63.png 300w, https:\/\/pfandfinder-stalbert.de\/wp-content\/uploads\/2025\/09\/rover-768x161.png 768w, https:\/\/pfandfinder-stalbert.de\/wp-content\/uploads\/2025\/09\/rover.png 1176w\" sizes=\"(max-width: 1024px) 100vw, 1024px\" \/>\t\t\t\t\t\t\t\t\t\t\t\t\t\t\t<\/div>\n\t\t\t\t<\/div>\n\t\t\t\t\t<\/div>\n\t\t<\/div>\n\t\t\t\t\t<\/div>\n\t\t<\/section>\n\t\t\t\t\t<\/div>\n\t\t<\/div>\n\t\t\t\t\t<\/div>\n\t\t<\/section>\n\t\t\t\t<section class=\"elementor-section elementor-top-section elementor-element elementor-element-7eedf12 elementor-section-boxed elementor-section-height-default elementor-section-height-default\" data-id=\"7eedf12\" data-element_type=\"section\" data-e-type=\"section\">\n\t\t\t\t\t\t<div class=\"elementor-container elementor-column-gap-default\">\n\t\t\t\t\t<div class=\"elementor-column elementor-col-100 elementor-top-column elementor-element elementor-element-ce45c39\" data-id=\"ce45c39\" data-element_type=\"column\" data-e-type=\"column\">\n\t\t\t<div class=\"elementor-widget-wrap\">\n\t\t\t\t\t\t\t<\/div>\n\t\t<\/div>\n\t\t\t\t\t<\/div>\n\t\t<\/section>\n\t\t\t\t<\/div>\n\t\t","protected":false},"excerpt":{"rendered":"<p class=\"excerpt\">Rover m\u00fcssen wichtige Entscheidungen f\u00fcr ihre Zukunft treffen. Die Gruppe bietet die Chance, sich in der Auseinandersetzung mit anderen \u00fcber die eigenen Ziele klar zu werden. Die Entwicklung der Pers\u00f6nlichkeit und das St\u00e4rken der Entscheidungsfreude stehen im Mittelpunkt. Ob im Engagement f\u00fcr die gute Sache oder auf Reisen \u2013 immer haben Roverinnen und Rover die [&hellip;]<\/p>\n","protected":false},"author":1,"featured_media":0,"parent":0,"menu_order":0,"comment_status":"closed","ping_status":"closed","template":"","meta":{"footnotes":""},"class_list":["post-288","page","type-page","status-publish","hentry"],"yoast_head":"<!-- This site is optimized with the Yoast SEO plugin v27.1.1 - https:\/\/yoast.com\/product\/yoast-seo-wordpress\/ -->\n<title>Rover - DPSG Stamm St. Albert<\/title>\n<meta name=\"robots\" content=\"index, follow, max-snippet:-1, max-image-preview:large, max-video-preview:-1\" \/>\n<link rel=\"canonical\" href=\"https:\/\/pfandfinder-stalbert.de\/index.php\/rover\/\" \/>\n<meta property=\"og:locale\" content=\"de_DE\" \/>\n<meta property=\"og:type\" content=\"article\" \/>\n<meta property=\"og:title\" content=\"Rover - DPSG Stamm St. Albert\" \/>\n<meta property=\"og:description\" content=\"Rover m\u00fcssen wichtige Entscheidungen f\u00fcr ihre Zukunft treffen. Die Gruppe bietet die Chance, sich in der Auseinandersetzung mit anderen \u00fcber die eigenen Ziele klar zu werden. Die Entwicklung der Pers\u00f6nlichkeit und das St\u00e4rken der Entscheidungsfreude stehen im Mittelpunkt. Ob im Engagement f\u00fcr die gute Sache oder auf Reisen \u2013 immer haben Roverinnen und Rover die [&hellip;]\" \/>\n<meta property=\"og:url\" content=\"https:\/\/pfandfinder-stalbert.de\/index.php\/rover\/\" \/>\n<meta property=\"og:site_name\" content=\"DPSG Stamm St. Albert\" \/>\n<meta property=\"article:publisher\" content=\"http:\/\/facebook.com\/pfadfinderstalbert\" \/>\n<meta property=\"article:modified_time\" content=\"2025-11-08T12:47:54+00:00\" \/>\n<meta property=\"og:image\" content=\"https:\/\/pfandfinder-stalbert.de\/wp-content\/uploads\/2025\/09\/rover-1024x215.png\" \/>\n<meta name=\"twitter:card\" content=\"summary_large_image\" \/>\n<meta name=\"twitter:label1\" content=\"Gesch\u00e4tzte Lesezeit\" \/>\n\t<meta name=\"twitter:data1\" content=\"1\u00a0Minute\" \/>\n<script type=\"application\/ld+json\" class=\"yoast-schema-graph\">{\"@context\":\"https:\/\/schema.org\",\"@graph\":[{\"@type\":\"WebPage\",\"@id\":\"https:\/\/pfandfinder-stalbert.de\/index.php\/rover\/\",\"url\":\"https:\/\/pfandfinder-stalbert.de\/index.php\/rover\/\",\"name\":\"Rover - DPSG Stamm St. Albert\",\"isPartOf\":{\"@id\":\"https:\/\/pfandfinder-stalbert.de\/#website\"},\"primaryImageOfPage\":{\"@id\":\"https:\/\/pfandfinder-stalbert.de\/index.php\/rover\/#primaryimage\"},\"image\":{\"@id\":\"https:\/\/pfandfinder-stalbert.de\/index.php\/rover\/#primaryimage\"},\"thumbnailUrl\":\"https:\/\/pfandfinder-stalbert.de\/wp-content\/uploads\/2025\/09\/rover-1024x215.png\",\"datePublished\":\"2021-01-12T04:16:01+00:00\",\"dateModified\":\"2025-11-08T12:47:54+00:00\",\"breadcrumb\":{\"@id\":\"https:\/\/pfandfinder-stalbert.de\/index.php\/rover\/#breadcrumb\"},\"inLanguage\":\"de\",\"potentialAction\":[{\"@type\":\"ReadAction\",\"target\":[\"https:\/\/pfandfinder-stalbert.de\/index.php\/rover\/\"]}]},{\"@type\":\"ImageObject\",\"inLanguage\":\"de\",\"@id\":\"https:\/\/pfandfinder-stalbert.de\/index.php\/rover\/#primaryimage\",\"url\":\"https:\/\/pfandfinder-stalbert.de\/wp-content\/uploads\/2025\/09\/rover.png\",\"contentUrl\":\"https:\/\/pfandfinder-stalbert.de\/wp-content\/uploads\/2025\/09\/rover.png\",\"width\":1176,\"height\":247},{\"@type\":\"BreadcrumbList\",\"@id\":\"https:\/\/pfandfinder-stalbert.de\/index.php\/rover\/#breadcrumb\",\"itemListElement\":[{\"@type\":\"ListItem\",\"position\":1,\"name\":\"Startseite\",\"item\":\"https:\/\/pfandfinder-stalbert.de\/\"},{\"@type\":\"ListItem\",\"position\":2,\"name\":\"Rover\"}]},{\"@type\":\"WebSite\",\"@id\":\"https:\/\/pfandfinder-stalbert.de\/#website\",\"url\":\"https:\/\/pfandfinder-stalbert.de\/\",\"name\":\"DPSG Stamm St. Albert\",\"description\":\"Pfadfinden am Seepark!\",\"publisher\":{\"@id\":\"https:\/\/pfandfinder-stalbert.de\/#organization\"},\"potentialAction\":[{\"@type\":\"SearchAction\",\"target\":{\"@type\":\"EntryPoint\",\"urlTemplate\":\"https:\/\/pfandfinder-stalbert.de\/?s={search_term_string}\"},\"query-input\":{\"@type\":\"PropertyValueSpecification\",\"valueRequired\":true,\"valueName\":\"search_term_string\"}}],\"inLanguage\":\"de\"},{\"@type\":\"Organization\",\"@id\":\"https:\/\/pfandfinder-stalbert.de\/#organization\",\"name\":\"DPSG Stamm St. Albert\",\"url\":\"https:\/\/pfandfinder-stalbert.de\/\",\"logo\":{\"@type\":\"ImageObject\",\"inLanguage\":\"de\",\"@id\":\"https:\/\/pfandfinder-stalbert.de\/#\/schema\/logo\/image\/\",\"url\":\"https:\/\/pfandfinder-stalbert.de\/wp-content\/uploads\/2021\/01\/lily_blue.png\",\"contentUrl\":\"https:\/\/pfandfinder-stalbert.de\/wp-content\/uploads\/2021\/01\/lily_blue.png\",\"width\":512,\"height\":512,\"caption\":\"DPSG Stamm St. Albert\"},\"image\":{\"@id\":\"https:\/\/pfandfinder-stalbert.de\/#\/schema\/logo\/image\/\"},\"sameAs\":[\"http:\/\/facebook.com\/pfadfinderstalbert\"]}]}<\/script>\n<!-- \/ Yoast SEO plugin. -->","yoast_head_json":{"title":"Rover - DPSG Stamm St. Albert","robots":{"index":"index","follow":"follow","max-snippet":"max-snippet:-1","max-image-preview":"max-image-preview:large","max-video-preview":"max-video-preview:-1"},"canonical":"https:\/\/pfandfinder-stalbert.de\/index.php\/rover\/","og_locale":"de_DE","og_type":"article","og_title":"Rover - DPSG Stamm St. Albert","og_description":"Rover m\u00fcssen wichtige Entscheidungen f\u00fcr ihre Zukunft treffen. Die Gruppe bietet die Chance, sich in der Auseinandersetzung mit anderen \u00fcber die eigenen Ziele klar zu werden. Die Entwicklung der Pers\u00f6nlichkeit und das St\u00e4rken der Entscheidungsfreude stehen im Mittelpunkt. Ob im Engagement f\u00fcr die gute Sache oder auf Reisen \u2013 immer haben Roverinnen und Rover die [&hellip;]","og_url":"https:\/\/pfandfinder-stalbert.de\/index.php\/rover\/","og_site_name":"DPSG Stamm St. Albert","article_publisher":"http:\/\/facebook.com\/pfadfinderstalbert","article_modified_time":"2025-11-08T12:47:54+00:00","og_image":[{"url":"https:\/\/pfandfinder-stalbert.de\/wp-content\/uploads\/2025\/09\/rover-1024x215.png","type":"","width":"","height":""}],"twitter_card":"summary_large_image","twitter_misc":{"Gesch\u00e4tzte Lesezeit":"1\u00a0Minute"},"schema":{"@context":"https:\/\/schema.org","@graph":[{"@type":"WebPage","@id":"https:\/\/pfandfinder-stalbert.de\/index.php\/rover\/","url":"https:\/\/pfandfinder-stalbert.de\/index.php\/rover\/","name":"Rover - DPSG Stamm St. Albert","isPartOf":{"@id":"https:\/\/pfandfinder-stalbert.de\/#website"},"primaryImageOfPage":{"@id":"https:\/\/pfandfinder-stalbert.de\/index.php\/rover\/#primaryimage"},"image":{"@id":"https:\/\/pfandfinder-stalbert.de\/index.php\/rover\/#primaryimage"},"thumbnailUrl":"https:\/\/pfandfinder-stalbert.de\/wp-content\/uploads\/2025\/09\/rover-1024x215.png","datePublished":"2021-01-12T04:16:01+00:00","dateModified":"2025-11-08T12:47:54+00:00","breadcrumb":{"@id":"https:\/\/pfandfinder-stalbert.de\/index.php\/rover\/#breadcrumb"},"inLanguage":"de","potentialAction":[{"@type":"ReadAction","target":["https:\/\/pfandfinder-stalbert.de\/index.php\/rover\/"]}]},{"@type":"ImageObject","inLanguage":"de","@id":"https:\/\/pfandfinder-stalbert.de\/index.php\/rover\/#primaryimage","url":"https:\/\/pfandfinder-stalbert.de\/wp-content\/uploads\/2025\/09\/rover.png","contentUrl":"https:\/\/pfandfinder-stalbert.de\/wp-content\/uploads\/2025\/09\/rover.png","width":1176,"height":247},{"@type":"BreadcrumbList","@id":"https:\/\/pfandfinder-stalbert.de\/index.php\/rover\/#breadcrumb","itemListElement":[{"@type":"ListItem","position":1,"name":"Startseite","item":"https:\/\/pfandfinder-stalbert.de\/"},{"@type":"ListItem","position":2,"name":"Rover"}]},{"@type":"WebSite","@id":"https:\/\/pfandfinder-stalbert.de\/#website","url":"https:\/\/pfandfinder-stalbert.de\/","name":"DPSG Stamm St. Albert","description":"Pfadfinden am Seepark!","publisher":{"@id":"https:\/\/pfandfinder-stalbert.de\/#organization"},"potentialAction":[{"@type":"SearchAction","target":{"@type":"EntryPoint","urlTemplate":"https:\/\/pfandfinder-stalbert.de\/?s={search_term_string}"},"query-input":{"@type":"PropertyValueSpecification","valueRequired":true,"valueName":"search_term_string"}}],"inLanguage":"de"},{"@type":"Organization","@id":"https:\/\/pfandfinder-stalbert.de\/#organization","name":"DPSG Stamm St. Albert","url":"https:\/\/pfandfinder-stalbert.de\/","logo":{"@type":"ImageObject","inLanguage":"de","@id":"https:\/\/pfandfinder-stalbert.de\/#\/schema\/logo\/image\/","url":"https:\/\/pfandfinder-stalbert.de\/wp-content\/uploads\/2021\/01\/lily_blue.png","contentUrl":"https:\/\/pfandfinder-stalbert.de\/wp-content\/uploads\/2021\/01\/lily_blue.png","width":512,"height":512,"caption":"DPSG Stamm St. Albert"},"image":{"@id":"https:\/\/pfandfinder-stalbert.de\/#\/schema\/logo\/image\/"},"sameAs":["http:\/\/facebook.com\/pfadfinderstalbert"]}]}},"_links":{"self":[{"href":"https:\/\/pfandfinder-stalbert.de\/index.php\/wp-json\/wp\/v2\/pages\/288","targetHints":{"allow":["GET"]}}],"collection":[{"href":"https:\/\/pfandfinder-stalbert.de\/index.php\/wp-json\/wp\/v2\/pages"}],"about":[{"href":"https:\/\/pfandfinder-stalbert.de\/index.php\/wp-json\/wp\/v2\/types\/page"}],"author":[{"embeddable":true,"href":"https:\/\/pfandfinder-stalbert.de\/index.php\/wp-json\/wp\/v2\/users\/1"}],"replies":[{"embeddable":true,"href":"https:\/\/pfandfinder-stalbert.de\/index.php\/wp-json\/wp\/v2\/comments?post=288"}],"version-history":[{"count":0,"href":"https:\/\/pfandfinder-stalbert.de\/index.php\/wp-json\/wp\/v2\/pages\/288\/revisions"}],"wp:attachment":[{"href":"https:\/\/pfandfinder-stalbert.de\/index.php\/wp-json\/wp\/v2\/media?parent=288"}],"curies":[{"name":"wp","href":"https:\/\/api.w.org\/{rel}","templated":true}]}}