{"id":304,"date":"2021-01-12T05:40:50","date_gmt":"2021-01-12T04:40:50","guid":{"rendered":"https:\/\/pfandfinder-stalbert.de\/?page_id=304"},"modified":"2023-12-19T21:26:05","modified_gmt":"2023-12-19T20:26:05","slug":"impressum","status":"publish","type":"page","link":"https:\/\/pfandfinder-stalbert.de\/index.php\/impressum\/","title":{"rendered":"Impressum"},"content":{"rendered":"\t\t<div data-elementor-type=\"wp-page\" data-elementor-id=\"304\" class=\"elementor elementor-304\">\n\t\t\t\t\t\t<section class=\"elementor-section elementor-top-section elementor-element elementor-element-1d664a9 elementor-section-boxed elementor-section-height-default elementor-section-height-default\" data-id=\"1d664a9\" data-element_type=\"section\" data-e-type=\"section\">\n\t\t\t\t\t\t<div class=\"elementor-container elementor-column-gap-default\">\n\t\t\t\t\t<div class=\"elementor-column elementor-col-100 elementor-top-column elementor-element elementor-element-e23c5fb\" data-id=\"e23c5fb\" data-element_type=\"column\" data-e-type=\"column\">\n\t\t\t<div class=\"elementor-widget-wrap elementor-element-populated\">\n\t\t\t\t\t\t<div class=\"elementor-element elementor-element-d648665 elementor-widget elementor-widget-text-editor\" data-id=\"d648665\" data-element_type=\"widget\" data-e-type=\"widget\" data-widget_type=\"text-editor.default\">\n\t\t\t\t<div class=\"elementor-widget-container\">\n\t\t\t\t\t\t\t\t\t<h2>Diensteanbieter<\/h2>\n<p>DPSG Stamm St. Albert<br>Sundgauallee 9<br>79114 Freiburg<\/p>\n<h2>Kontaktm\u00f6glichkeiten<\/h2>\n<p><strong>E-Mail-Adresse:<\/strong>&nbsp;<a href=\"mailto:stammesvorstand@pfadfinder-stalbert.de\">stammesvorstand[at]pfadfinder-stalbert.de<\/a><br><strong>Telefon:<\/strong> 0761\/82955<\/p>\n<h2>Vertretungsberechtigte<\/h2>\n<p><strong>Vertretungsberechtigt:<\/strong> Erik Nebelo (Stammesvorstand), Merle Timmermann (Stammesvorstand)<br><\/p>\n<h2>Social Media und andere Onlinepr\u00e4senzen<\/h2>\n<p><strong>Dieses Impressum gilt auch f\u00fcr die folgenden Social-Media-Pr\u00e4senzen und Onlineprofile:<\/strong><\/p>\n<p><a href=\"https:\/\/cloud.pfadfinder-stalbert.de\/\" target=\"_blank\" rel=\"noopener\">https:\/\/cloud.pfadfinder-stalbert.de<\/a><br><a href=\"https:\/\/facebook.com\/pfadfinderstalbert\" target=\"_blank\" rel=\"noopener\">https:\/\/facebook.com\/pfadfinderstalbert<\/a><\/p>\n<h2>Haftungs- und Schutzrechtshinweise<\/h2>\n<p><strong>Haftungsausschluss<\/strong>: Die Inhalte dieses Onlineangebotes wurden sorgf\u00e4ltig und nach unserem aktuellen Kenntnisstand erstellt, dienen jedoch nur der Information und entfalten keine rechtlich bindende Wirkung, sofern es sich nicht um gesetzlich verpflichtende Informationen (z.B. das Impressum, die Datenschutzerkl\u00e4rung, AGB oder verpflichtende Belehrungen von Verbrauchern) handelt. Wir behalten uns vor, die Inhalte vollst\u00e4ndig oder teilweise zu \u00e4ndern oder zu l\u00f6schen, soweit vertragliche Verpflichtungen unber\u00fchrt bleiben. Alle Angebote sind freibleibend und unverbindlich.<\/p>\n<p><strong>Links auf fremde Webseiten<\/strong>: Inhalte fremder Webseiten, auf die wir direkt oder indirekt verweisen, liegen au\u00dferhalb unseres Verantwortungsbereiches und machen wir uns nicht zu Eigen. F\u00fcr alle Inhalte und insbesondere f\u00fcr Sch\u00e4den, die aus der Nutzung der in den verlinkten Webseiten aufrufbaren Informationen entstehen, haftet allein der Anbieter der verlinkten Webseiten.<\/p>\n<p><strong>Urheberrechte und Markenrechte<\/strong>: Alle auf dieser Website dargestellten Inhalte, wie Texte, Fotografien, Grafiken, Marken und Warenzeichen sind durch die jeweiligen Schutzrechte (Urheberrechte, Markenrechte) gesch\u00fctzt. Die Verwendung, Vervielf\u00e4ltigung usw. unterliegen unseren Rechten oder den Rechten der jeweiligen Urheber bzw. Rechteverwalter.<\/p>\n<p><strong>Hinweise auf Rechtsverst\u00f6\u00dfe<\/strong>: Sollten Sie innerhalb unseres Internetauftritts Rechtsverst\u00f6\u00dfe bemerken, bitten wir Sie uns auf diese hinzuweisen. Wir werden rechtswidrige Inhalte und Links nach Kenntnisnahme unverz\u00fcglich entfernen.<\/p>\n<p><a title=\"Rechtstext von Dr. Schwenke - f\u00fcr weitere Informationen bitte anklicken.\" href=\"https:\/\/datenschutz-generator.de\/?l=de\" target=\"_blank\" rel=\"noopener noreferrer nofollow\">Erstellt mit kostenlosem Datenschutz-Generator.de von Dr. Thomas Schwenke<\/a><\/p>\t\t\t\t\t\t\t\t<\/div>\n\t\t\t\t<\/div>\n\t\t\t\t\t<\/div>\n\t\t<\/div>\n\t\t\t\t\t<\/div>\n\t\t<\/section>\n\t\t\t\t<\/div>\n\t\t","protected":false},"excerpt":{"rendered":"<p class=\"excerpt\">Diensteanbieter DPSG Stamm St. AlbertSundgauallee 979114 Freiburg Kontaktm\u00f6glichkeiten E-Mail-Adresse:&nbsp;stammesvorstand[at]pfadfinder-stalbert.deTelefon: 0761\/82955 Vertretungsberechtigte Vertretungsberechtigt: Erik Nebelo (Stammesvorstand), Merle Timmermann (Stammesvorstand) Social Media und andere Onlinepr\u00e4senzen Dieses Impressum gilt auch f\u00fcr die folgenden Social-Media-Pr\u00e4senzen und Onlineprofile: https:\/\/cloud.pfadfinder-stalbert.dehttps:\/\/facebook.com\/pfadfinderstalbert Haftungs- und Schutzrechtshinweise Haftungsausschluss: Die Inhalte dieses Onlineangebotes wurden sorgf\u00e4ltig und nach unserem aktuellen Kenntnisstand erstellt, dienen jedoch nur der Information [&hellip;]<\/p>\n","protected":false},"author":1,"featured_media":0,"parent":0,"menu_order":0,"comment_status":"closed","ping_status":"closed","template":"","meta":{"footnotes":""},"class_list":["post-304","page","type-page","status-publish","hentry"],"yoast_head":"<!-- This site is optimized with the Yoast SEO plugin v27.1.1 - https:\/\/yoast.com\/product\/yoast-seo-wordpress\/ -->\n<title>Impressum - DPSG Stamm St. Albert<\/title>\n<meta name=\"robots\" content=\"index, follow, max-snippet:-1, max-image-preview:large, max-video-preview:-1\" \/>\n<link rel=\"canonical\" href=\"https:\/\/pfandfinder-stalbert.de\/index.php\/impressum\/\" \/>\n<meta property=\"og:locale\" content=\"de_DE\" \/>\n<meta property=\"og:type\" content=\"article\" \/>\n<meta property=\"og:title\" content=\"Impressum - DPSG Stamm St. Albert\" \/>\n<meta property=\"og:description\" content=\"Diensteanbieter DPSG Stamm St. AlbertSundgauallee 979114 Freiburg Kontaktm\u00f6glichkeiten E-Mail-Adresse:&nbsp;stammesvorstand[at]pfadfinder-stalbert.deTelefon: 0761\/82955 Vertretungsberechtigte Vertretungsberechtigt: Erik Nebelo (Stammesvorstand), Merle Timmermann (Stammesvorstand) Social Media und andere Onlinepr\u00e4senzen Dieses Impressum gilt auch f\u00fcr die folgenden Social-Media-Pr\u00e4senzen und Onlineprofile: https:\/\/cloud.pfadfinder-stalbert.dehttps:\/\/facebook.com\/pfadfinderstalbert Haftungs- und Schutzrechtshinweise Haftungsausschluss: Die Inhalte dieses Onlineangebotes wurden sorgf\u00e4ltig und nach unserem aktuellen Kenntnisstand erstellt, dienen jedoch nur der Information [&hellip;]\" \/>\n<meta property=\"og:url\" content=\"https:\/\/pfandfinder-stalbert.de\/index.php\/impressum\/\" \/>\n<meta property=\"og:site_name\" content=\"DPSG Stamm St. Albert\" \/>\n<meta property=\"article:publisher\" content=\"http:\/\/facebook.com\/pfadfinderstalbert\" \/>\n<meta property=\"article:modified_time\" content=\"2023-12-19T20:26:05+00:00\" \/>\n<meta name=\"twitter:card\" content=\"summary_large_image\" \/>\n<meta name=\"twitter:label1\" content=\"Gesch\u00e4tzte Lesezeit\" \/>\n\t<meta name=\"twitter:data1\" content=\"2\u00a0Minuten\" \/>\n<script type=\"application\/ld+json\" class=\"yoast-schema-graph\">{\"@context\":\"https:\/\/schema.org\",\"@graph\":[{\"@type\":\"WebPage\",\"@id\":\"https:\/\/pfandfinder-stalbert.de\/index.php\/impressum\/\",\"url\":\"https:\/\/pfandfinder-stalbert.de\/index.php\/impressum\/\",\"name\":\"Impressum - DPSG Stamm St. Albert\",\"isPartOf\":{\"@id\":\"https:\/\/pfandfinder-stalbert.de\/#website\"},\"datePublished\":\"2021-01-12T04:40:50+00:00\",\"dateModified\":\"2023-12-19T20:26:05+00:00\",\"breadcrumb\":{\"@id\":\"https:\/\/pfandfinder-stalbert.de\/index.php\/impressum\/#breadcrumb\"},\"inLanguage\":\"de\",\"potentialAction\":[{\"@type\":\"ReadAction\",\"target\":[\"https:\/\/pfandfinder-stalbert.de\/index.php\/impressum\/\"]}]},{\"@type\":\"BreadcrumbList\",\"@id\":\"https:\/\/pfandfinder-stalbert.de\/index.php\/impressum\/#breadcrumb\",\"itemListElement\":[{\"@type\":\"ListItem\",\"position\":1,\"name\":\"Startseite\",\"item\":\"https:\/\/pfandfinder-stalbert.de\/\"},{\"@type\":\"ListItem\",\"position\":2,\"name\":\"Impressum\"}]},{\"@type\":\"WebSite\",\"@id\":\"https:\/\/pfandfinder-stalbert.de\/#website\",\"url\":\"https:\/\/pfandfinder-stalbert.de\/\",\"name\":\"DPSG Stamm St. Albert\",\"description\":\"Pfadfinden am Seepark!\",\"publisher\":{\"@id\":\"https:\/\/pfandfinder-stalbert.de\/#organization\"},\"potentialAction\":[{\"@type\":\"SearchAction\",\"target\":{\"@type\":\"EntryPoint\",\"urlTemplate\":\"https:\/\/pfandfinder-stalbert.de\/?s={search_term_string}\"},\"query-input\":{\"@type\":\"PropertyValueSpecification\",\"valueRequired\":true,\"valueName\":\"search_term_string\"}}],\"inLanguage\":\"de\"},{\"@type\":\"Organization\",\"@id\":\"https:\/\/pfandfinder-stalbert.de\/#organization\",\"name\":\"DPSG Stamm St. Albert\",\"url\":\"https:\/\/pfandfinder-stalbert.de\/\",\"logo\":{\"@type\":\"ImageObject\",\"inLanguage\":\"de\",\"@id\":\"https:\/\/pfandfinder-stalbert.de\/#\/schema\/logo\/image\/\",\"url\":\"https:\/\/pfandfinder-stalbert.de\/wp-content\/uploads\/2021\/01\/lily_blue.png\",\"contentUrl\":\"https:\/\/pfandfinder-stalbert.de\/wp-content\/uploads\/2021\/01\/lily_blue.png\",\"width\":512,\"height\":512,\"caption\":\"DPSG Stamm St. Albert\"},\"image\":{\"@id\":\"https:\/\/pfandfinder-stalbert.de\/#\/schema\/logo\/image\/\"},\"sameAs\":[\"http:\/\/facebook.com\/pfadfinderstalbert\"]}]}<\/script>\n<!-- \/ Yoast SEO plugin. -->","yoast_head_json":{"title":"Impressum - DPSG Stamm St. Albert","robots":{"index":"index","follow":"follow","max-snippet":"max-snippet:-1","max-image-preview":"max-image-preview:large","max-video-preview":"max-video-preview:-1"},"canonical":"https:\/\/pfandfinder-stalbert.de\/index.php\/impressum\/","og_locale":"de_DE","og_type":"article","og_title":"Impressum - DPSG Stamm St. Albert","og_description":"Diensteanbieter DPSG Stamm St. AlbertSundgauallee 979114 Freiburg Kontaktm\u00f6glichkeiten E-Mail-Adresse:&nbsp;stammesvorstand[at]pfadfinder-stalbert.deTelefon: 0761\/82955 Vertretungsberechtigte Vertretungsberechtigt: Erik Nebelo (Stammesvorstand), Merle Timmermann (Stammesvorstand) Social Media und andere Onlinepr\u00e4senzen Dieses Impressum gilt auch f\u00fcr die folgenden Social-Media-Pr\u00e4senzen und Onlineprofile: https:\/\/cloud.pfadfinder-stalbert.dehttps:\/\/facebook.com\/pfadfinderstalbert Haftungs- und Schutzrechtshinweise Haftungsausschluss: Die Inhalte dieses Onlineangebotes wurden sorgf\u00e4ltig und nach unserem aktuellen Kenntnisstand erstellt, dienen jedoch nur der Information [&hellip;]","og_url":"https:\/\/pfandfinder-stalbert.de\/index.php\/impressum\/","og_site_name":"DPSG Stamm St. Albert","article_publisher":"http:\/\/facebook.com\/pfadfinderstalbert","article_modified_time":"2023-12-19T20:26:05+00:00","twitter_card":"summary_large_image","twitter_misc":{"Gesch\u00e4tzte Lesezeit":"2\u00a0Minuten"},"schema":{"@context":"https:\/\/schema.org","@graph":[{"@type":"WebPage","@id":"https:\/\/pfandfinder-stalbert.de\/index.php\/impressum\/","url":"https:\/\/pfandfinder-stalbert.de\/index.php\/impressum\/","name":"Impressum - DPSG Stamm St. Albert","isPartOf":{"@id":"https:\/\/pfandfinder-stalbert.de\/#website"},"datePublished":"2021-01-12T04:40:50+00:00","dateModified":"2023-12-19T20:26:05+00:00","breadcrumb":{"@id":"https:\/\/pfandfinder-stalbert.de\/index.php\/impressum\/#breadcrumb"},"inLanguage":"de","potentialAction":[{"@type":"ReadAction","target":["https:\/\/pfandfinder-stalbert.de\/index.php\/impressum\/"]}]},{"@type":"BreadcrumbList","@id":"https:\/\/pfandfinder-stalbert.de\/index.php\/impressum\/#breadcrumb","itemListElement":[{"@type":"ListItem","position":1,"name":"Startseite","item":"https:\/\/pfandfinder-stalbert.de\/"},{"@type":"ListItem","position":2,"name":"Impressum"}]},{"@type":"WebSite","@id":"https:\/\/pfandfinder-stalbert.de\/#website","url":"https:\/\/pfandfinder-stalbert.de\/","name":"DPSG Stamm St. Albert","description":"Pfadfinden am Seepark!","publisher":{"@id":"https:\/\/pfandfinder-stalbert.de\/#organization"},"potentialAction":[{"@type":"SearchAction","target":{"@type":"EntryPoint","urlTemplate":"https:\/\/pfandfinder-stalbert.de\/?s={search_term_string}"},"query-input":{"@type":"PropertyValueSpecification","valueRequired":true,"valueName":"search_term_string"}}],"inLanguage":"de"},{"@type":"Organization","@id":"https:\/\/pfandfinder-stalbert.de\/#organization","name":"DPSG Stamm St. Albert","url":"https:\/\/pfandfinder-stalbert.de\/","logo":{"@type":"ImageObject","inLanguage":"de","@id":"https:\/\/pfandfinder-stalbert.de\/#\/schema\/logo\/image\/","url":"https:\/\/pfandfinder-stalbert.de\/wp-content\/uploads\/2021\/01\/lily_blue.png","contentUrl":"https:\/\/pfandfinder-stalbert.de\/wp-content\/uploads\/2021\/01\/lily_blue.png","width":512,"height":512,"caption":"DPSG Stamm St. Albert"},"image":{"@id":"https:\/\/pfandfinder-stalbert.de\/#\/schema\/logo\/image\/"},"sameAs":["http:\/\/facebook.com\/pfadfinderstalbert"]}]}},"_links":{"self":[{"href":"https:\/\/pfandfinder-stalbert.de\/index.php\/wp-json\/wp\/v2\/pages\/304","targetHints":{"allow":["GET"]}}],"collection":[{"href":"https:\/\/pfandfinder-stalbert.de\/index.php\/wp-json\/wp\/v2\/pages"}],"about":[{"href":"https:\/\/pfandfinder-stalbert.de\/index.php\/wp-json\/wp\/v2\/types\/page"}],"author":[{"embeddable":true,"href":"https:\/\/pfandfinder-stalbert.de\/index.php\/wp-json\/wp\/v2\/users\/1"}],"replies":[{"embeddable":true,"href":"https:\/\/pfandfinder-stalbert.de\/index.php\/wp-json\/wp\/v2\/comments?post=304"}],"version-history":[{"count":0,"href":"https:\/\/pfandfinder-stalbert.de\/index.php\/wp-json\/wp\/v2\/pages\/304\/revisions"}],"wp:attachment":[{"href":"https:\/\/pfandfinder-stalbert.de\/index.php\/wp-json\/wp\/v2\/media?parent=304"}],"curies":[{"name":"wp","href":"https:\/\/api.w.org\/{rel}","templated":true}]}}